est common divisor of y and 75.
25
Let x(i) = 2*i**2 - 6*i - 5. Suppose 0 = -3*d - 4*f + 26, 2*f - 4 = -d + 3*f. Let a be x(d). Let q = -29 + a. What is the greatest common divisor of 3 and q?
1
Suppose -3*q - 683 = -1775. What is the greatest common factor of 1988 and q?
28
Suppose t + 4*l - 424 = -3*t, 4*l + 512 = 5*t. Let a = 118 - t. Suppose -a*u + 22 = -146. Calculate the highest common factor of 108 and u.
12
Let u(o) = 9*o**2 + 4*o + 9. Let z be u(-3). Suppose -160 + 24 = -3*q - 4*d, 3*d = 2*q - 119. Calculate the greatest common divisor of q and z.
26
Suppose 9*c + 110*c - 4538898 = 2*c. Calculate the highest common divisor of 238 and c.
238
Let y(k) = k**3 - 12*k**2 + 11*k + 4. Let q be y(11). Let t = 2 - q. Let n be (t - 1)*8/(-6). Calculate the greatest common divisor of 12 and n.
4
Let v be ((-18)/(-10))/(8/40). Suppose -5*d - v = 3*b - 26, 5*b + d = 43. Let y be (189/14)/(15/80). What is the highest common divisor of y and b?
9
Suppose 3*x + 69*d - 68*d = 3762, -6268 = -5*x - 2*d. What is the greatest common factor of 1413 and x?
157
Let l be (54/(-7))/((-16)/12 - 564/(-504)). Let p be (3/6)/(1/234). What is the greatest common divisor of p and l?
9
Let n(q) be the first derivative of -q**2/2 - 13*q + 1. Let d be n(15). Let l = -21 - d. Calculate the greatest common divisor of l and 28.
7
Suppose -3*c + 3*m = -42, c - 244*m = -246*m + 38. Let k = 488 - 202. Calculate the highest common factor of c and k.
22
Suppose -73 = 36*y - 289. Let s be y - 10*(-144)/6. Calculate the highest common factor of s and 164.
82
Suppose 0 = 22*c + 243 - 727. Let b = c - -32. What is the greatest common factor of b and 378?
54
Let x(f) = -f**2 + 5*f - 1. Let p be x(4). Let s(m) = m**3 - m - 4. Let b be s(p). Let r = 1516 - 1476. What is the greatest common factor of r and b?
20
Suppose -102*z + 6525 = -27*z. Let v be 234/8 - 5/20. Calculate the highest common factor of v and z.
29
Let h(c) = 46*c - 74 - 74*c + 6*c**2 + 45*c - 2*c**2. Let q be h(-10). What is the highest common factor of q and 12?
12
Let i = 32 + -11. Suppose r = 3*r - 2*n + 832, -5*n = 3*r + 1240. Let x = r + 646. What is the greatest common factor of x and i?
21
Suppose -40 = 5*i - 5*f, 25*i - 22*i = -f - 36. Let r(o) = o**2 + 10*o. Let h be r(i). What is the highest common divisor of 44 and h?
11
Suppose -36*r + 8 + 48 = -22*r. Calculate the greatest common factor of 2468 and r.
4
Let j = -98 - -103. Suppose 3*i - 325 = v - j*v, i - v = 120. Suppose 6*c - 283 = -i. What is the highest common divisor of 98 and c?
14
Suppose 0 = 4*n - 20, 6*s - n = s - 175. Let z be (-3 - -6)*s/(-6). Let q be -17*(1 - 12) - 0. Calculate the highest common factor of z and q.
17
Let v be (-6)/(-8) + 8/32. Let n be 3/((-3 - -3) + v). Suppose 3*i + o = -n*o + 205, -3*i - 5*o + 209 = 0. Calculate the greatest common divisor of i and 42.
21
Suppose 67848 = 136*a - 48*a. Calculate the highest common factor of a and 3.
3
Suppose -103*t = -64*t - 56511. Calculate the greatest common divisor of 21 and t.
21
Suppose 14*f - 1166 = -8*f. Suppose 31*o - f*o = -1254. Calculate the greatest common divisor of 21 and o.
3
Suppose -4*w + 18*w = -10*w + 4968. Calculate the greatest common divisor of 345 and w.
69
Suppose 1447 + 1917 = 116*d. Calculate the highest common divisor of d and 6583.
29
Suppose 5*d + 52 = 2*n, -3*n + 531*d + 68 = 526*d. What is the greatest common factor of n and 2?
2
Let l(h) be the second derivative of h**4/3 - 47*h**3/6 - 5*h**2/2 + 48*h. Let o be l(13). What is the greatest common factor of o and 24?
12
Suppose -1475 - 265 = -58*m. Let f(n) = n**3 + 4*n**2 + n + 4. Let i be f(-3). Calculate the greatest common factor of m and i.
10
Let m be (-10*(-11)/(-4))/((10 + -18)/48). Suppose 0 = -3*l + 5*u + 55, -5*u - 85 = -7*l + 2*l. Calculate the highest common factor of l and m.
15
Let c(f) = -259 + 150 - 37*f + f**2 + 127. Let h be c(38). Calculate the highest common factor of 7 and h.
7
Suppose 0 = -f - f - 10*f. Suppose -5*y = f, 0 = -o + 2*y + 2*y + 81. Calculate the highest common divisor of 9 and o.
9
Suppose 0 = 66*z - 75*z + 126. What is the highest common factor of z and 80?
2
Suppose -19*u + 21*u - 174 = 0. Let f = u - 81. Let x be 5/(-30) - 254/(-12). What is the greatest common factor of f and x?
3
Suppose 0 = 22*h - 35*h + 533. Suppose h = 7*j - 43. What is the greatest common divisor of j and 492?
12
Let w = 1930 + -1913. Suppose -3*z - 69 = -186. Let n = -22 + z. What is the highest common factor of w and n?
17
Let u(t) = 70*t**2 - 6*t + 3. Let f be u(2). Suppose 5*o - f = 4*q, -2*q = -9 + 17. Calculate the greatest common divisor of 2 and o.
1
Let z be 35 - (252/14 + -7). Calculate the highest common divisor of 2916 and z.
12
Let m(y) = -285*y + 1735. Let o be m(6). Calculate the highest common divisor of o and 9575.
25
Let f(v) = -41 + 76 - 53 + v**2 - 10*v. Let p be f(12). Calculate the greatest common divisor of 36 and p.
6
Suppose 5*n - 110 = n + 5*l, -3*n = 2*l - 48. What is the greatest common factor of n and 364?
4
Let c be ((-6)/15)/(-2*1/30). Let s(y) = 9 + 23*y + 13 - 4*y**2 - c - 4. Let x be s(6). Calculate the greatest common factor of 21 and x.
3
Suppose d - 3 - 25 = -4*k, -4*k + 20 = 3*d. Let t(p) = 2*p**2 + p - 30. Let q be t(k). Suppose 22 = -a + q. Calculate the greatest common factor of 21 and a.
21
Let b = 4288 - 3700. What is the greatest common factor of b and 539?
49
Let a(t) = 13*t + 152. Let h be a(10). Let d = h + -156. Let i(l) = 8*l - 2. Let u be i(2). Calculate the greatest common divisor of u and d.
14
Let c(d) = d**2 + 24*d - 9. Let u be c(6). Let p = 177 - u. Calculate the greatest common factor of 66 and p.
6
Let s be 1/(4*(-2)/40) + 8 + 861. Calculate the greatest common divisor of 180 and s.
36
Suppose 116 = -q + 6*q + 4*r, 69 = 3*q + 3*r. Let v be (130/13 + 22)/(-2 + 4). Let s = q - v. What is the greatest common divisor of s and 88?
8
Let o be 1*-2 - 75/(16 - 31). Let p be (2 - 8)/(3/(-51)). Suppose 15 = m + a + 4*a, 4*a + p = o*m. What is the greatest common divisor of m and 15?
15
Suppose 12 = 3*r - 0. Let a be (-1)/r + 12816/64. Suppose -a = z - 5*z. What is the highest common divisor of z and 25?
25
Let h be 8 + (1 - (-12)/(-3)). Suppose 0 = -4*b + 20, -f + 23 = h*b - 5. Calculate the greatest common factor of f and 51.
3
Let m(s) = -s - 9. Let u be m(-8). Let y = u + -6. Let r be -3 - (-1)/((-1)/y). Calculate the highest common factor of r and 4.
4
Suppose -4*u + 387 = 5*z, 47*z - 384 = 42*z - 3*u. Calculate the highest common factor of z and 1550.
25
Suppose -3*p - 7 = 2. Let j = -9177 - -9175. Let w be 19 + 1 + j - (p - -6). What is the greatest common divisor of 165 and w?
15
Suppose -607 = -13*k + 95. Suppose 11*x = 2*t + 10*x - k, -5*x = 10. Calculate the highest common factor of 169 and t.
13
Let g(p) = -p**3 - 4*p**2 + 6*p - 7. Let x be g(2). Let v = x + 64. Calculate the highest common factor of 207 and v.
9
Let z(g) = 4*g**3 + 18*g**2 + 30*g + 13. Let d be z(-7). Let a be d/(-12) - (-50)/(-40). Calculate the highest common factor of a and 14.
14
Let o = -16 - -26. Suppose -2*j - o + 24 = 0. What is the highest common divisor of 1 and j?
1
Let f(l) = 4*l + 311. Let g be f(-42). Let w = 130 - 90. Suppose 3*x + x - 4*d = w, -3*x = 3*d - 48. What is the highest common factor of g and x?
13
Suppose -133*o = -131*o + 6, -4*t - 4*o + 52 = 0. Let h be (-1)/(-3) + 382/6. What is the highest common divisor of t and h?
16
Let f be -3 + (-4 - -1) - 75. Let w be ((-8)/6)/(18/f) + 2. What is the greatest common divisor of 68 and w?
4
Let k(y) = -y**3 + 5*y**2 + 5*y - 6. Let d be k(4). Suppose -19*f + 106 = -8. Calculate the highest common divisor of d and f.
6
Let j(m) = -3*m**3 - m**2 + 5*m + 3. Let b be j(-2). Suppose -b*s + 11*s = 64. Let n = -16 - s. What is the greatest common divisor of n and 72?
8
Let m be (-7)/(-21)*-1 + 1227/9. Calculate the highest common factor of 268 and m.
4
Suppose -98040 = -2*z - 142*z + 149928. What is the highest common divisor of 30 and z?
6
Let p be -188 + ((-20)/(-5) - 6)/(-2). Let z = p - -277. Let a = -15 - -45. Calculate the greatest common factor of z and a.
30
Let t(d) = d**3 - 19*d**2 + 86*d - 19. Let f be t(15). What is the greatest common divisor of f and 53?
53
Let u(i) = -i**2 + 7*i. Let c be u